 n. What is the tens digit of b?
1
Let s be (-2)/17 - (-108)/51. Suppose 0*p = 5*p - s*r - 540, p - 108 = -3*r. What is the tens digit of p?
0
Let v = 16 + -13. Suppose v*k - 18 = 6. Let n = -7 + k. What is the units digit of n?
1
Suppose 0 = -8*b + 272 + 1632. What is the tens digit of b?
3
Let g = 34 - 24. Suppose -g*x + 1248 = -6*x. What is the units digit of x?
2
Suppose -5*z = 2*a + 56, -z + 3*a = 2*a + 7. Let y(m) = 2*m**2 + 2*m - 20. What is the tens digit of y(z)?
6
Let o(r) = 5*r**2 + 6*r - 16. What is the hundreds digit of o(6)?
2
Suppose 7*l - 754 - 2046 = 0. Suppose 5*s - 382 = 3*x, -124 = 4*s + 5*x - l. What is the tens digit of s?
7
Let i be (-6)/8*(3 - -1) - -3. Let o be ((-12)/(-10))/((-6)/(-20)). Suppose 0*f + 2*f = 2*h - 112, i = o*h - f - 212. What is the tens digit of h?
5
Let c be ((-15)/6 - -3)*10. Suppose o - 2*w = 95, -388 = -4*o + c*w - w. What is the tens digit of o?
9
Let h(o) = 5*o**2 - 13*o + 32. What is the units digit of h(6)?
4
Let d(u) = 28*u + 53. Let v be d(16). Suppose 2*a - 5*a + v = 0. What is the hundreds digit of a?
1
Let z(c) = c**3 + 60*c**2 + 67*c + 53. What is the thousands digit of z(-58)?
2
Suppose -2*d - 53 = -4*d + 5*x, -3*d + 22 = 4*x. Suppose d*n - 15*n = -175. What is the hundreds digit of n?
1
Let q(f) = -10*f - 5. Let n be q(-5). Let u(a) = -2*a**2 + 4*a**2 - n*a**3 - a**2 - 3 + a + 4. What is the units digit of u(-1)?
6
What is the units digit of 11 - 8 - (-5 - (-2 - -1))?
7
Let h(b) = b**2 + 10*b + 26. Let y = -4 + -7. What is the units digit of h(y)?
7
Let n = 109 - 104. Suppose -12*t + 2822 = n*t. What is the hundreds digit of t?
1
What is the tens digit of 3 + 2 + 1 + (-2 - -774)?
7
Let d = -5238 - -8973. Suppose 9*f + d = 24*f. What is the tens digit of f?
4
Let t be (-4002)/(-12) - (-2)/4. Suppose -t = 4*l + m, l + 2*m + 87 = -0*l. Let f = 150 + l. What is the units digit of f?
7
Suppose 3*c + 3*h - 19 = h, -3*h = -5*c + 19. Let n(q) = -q**2 + 5*q + 12. What is the units digit of n(c)?
2
Let k(y) = 25*y**2 + 8*y - 16. What is the tens digit of k(-6)?
3
Let n(l) = -258*l**3 + 2*l**2 + 2*l + 1. Let z be n(-1). Suppose 0 = 2*o + w - 102 - 45, -5*w = -4*o + z. What is the tens digit of o?
7
Let v(y) = -y**2 + 3*y + 13. Let r be ((-3)/(-6))/(6/(-72)). Let t be v(r). Let z = -17 - t. What is the units digit of z?
4
Suppose -z = -5*q + 57, -z = 3*q + 2*q + 87. Let r = 125 + z. What is the tens digit of r?
5
Let o(w) = -w**3 + 9*w**2 + 2*w + 5. Suppose 27 = 29*j - 26*j. What is the units digit of o(j)?
3
Let k(u) = 3 + 2*u**2 - 5 + 2*u + 0 + 5. What is the tens digit of k(-6)?
6
Let p(x) = -113*x + 7. Let k be p(-6). Suppose 0 = -5*w + 5*h + k, 0 = 2*h + h - 12. What is the tens digit of w?
4
What is the tens digit of (-184063)/(-203) - (-1 + (-5)/(-7))?
0
Let k(v) = -5*v - 10. Let g be k(7). Suppose 0 = -5*i - 2*z - 400, -i - z = i + 160. Let r = g - i. What is the tens digit of r?
3
Suppose -q - 1 = -6. Let d be (12/q)/((-20)/(-150)). What is the units digit of (0/1)/2 + d?
8
Suppose -8419 = -5*a + l, -5670 - 2751 = -5*a - l. What is the units digit of -3 + a/24 + 1/(-6)?
7
What is the units digit of 14506/6 + (12 - 123/9)?
6
What is the tens digit of (-5*2/(-10))/(4/504)?
2
Let j = -636 - -1004. What is the hundreds digit of j?
3
Suppose 6 = 5*f - 3*f, -18 = -5*a - f. What is the hundreds digit of 262/a*(2 + (-4)/8)?
1
Let w(l) = 3*l**2 - 3*l - 40. What is the tens digit of w(-11)?
5
Suppose m = i - 20, -14 - 86 = -5*i + m. Let j = i - 6. Let l = j + -5. What is the units digit of l?
9
Let v be 22/(0 - (-4)/26). Suppose 6*r = -0*r - 30. What is the units digit of 18/45 - v/r?
9
Let q(d) be the third derivative of -d**6/30 + d**5/15 + d**4/12 - d**3/6 - 9*d**2. What is the units digit of q(-2)?
3
Let m = -24 + 24. Suppose m = 8*v - v - 1575. What is the hundreds digit of v?
2
Let y(t) = -18*t**2 + 1. Let k be y(-1). Let m = k - -17. Suppose m = v - 3*v + 66. What is the units digit of v?
3
Let q(o) = o**2 + 3*o - 8. Suppose 0 = -5*p + 18 + 27. Suppose 5*d - p = -34. What is the units digit of q(d)?
2
Let g = 7 + -1. Suppose g*o - 40 = o. What is the units digit of o?
8
Let q(g) = 3*g**2 + g - 2. Let x be q(-2). Suppose 4*n + k - 3*k = 22, -x = 4*n + 4*k. Suppose 2*p + n = 3*p. What is the units digit of p?
3
Let i = 919 + 167. What is the units digit of i?
6
Let v(d) = -d**2 + 11*d - 14. Let z(q) = 2*q - 1. Let u be z(5). Let h be v(u). Suppose -3*o - r = -207, -5*o - r + h*r + 331 = 0. What is the units digit of o?
8
Suppose -3*d + 5*y + 28 = 0, 56 = 4*d - y - y. Suppose -d*k + 14*k = -38. What is the tens digit of k?
1
Suppose 2*p - 980 = 4*p. Let i = -318 - p. Suppose -5*b - 2*y - y = -i, 5*b = y + 176. What is the units digit of b?
5
Let f(u) = u - 6. Let n be f(6). Suppose 5*l + 2*p - 10 = n, -3*p + p - 2 = -l. Suppose 5*s + 0*o - l*o = 199, 3*s - 4*o = 125. What is the units digit of s?
9
Let h = -1190 + 714. Let o = -337 - h. What is the units digit of o?
9
Suppose 4*w = -0*w + 1628. What is the hundreds digit of w?
4
Let f(j) be the second derivative of -j**3/3 + j**2 + 15*j. Let o be f(2). Let h = 37 - o. What is the tens digit of h?
3
Let a(m) = -m**2 + 1 - 4*m**2 + m - 5*m - 3 - 2*m**3. What is the tens digit of a(-4)?
6
Suppose -8*o = 27 + 165. Let u = 26 + o. Suppose u*g - 34 = 40. What is the tens digit of g?
3
Let j be 2*-1 + (-96)/12. Let m(f) = -7*f - 29. What is the units digit of m(j)?
1
Let i be 108 - (0/(1 - -1))/(-1). Suppose 2*h - z = -2*z + i, -3*z - 40 = -h. What is the units digit of h?
2
Let d = 24 - 21. Suppose d*j - j = 0. Suppose j = 2*r - 41 - 27. What is the units digit of r?
4
Let l(y) = 35*y**3 + 12*y**2 - 12*y + 10. What is the units digit of l(4)?
4
Let i(g) = -g**2. Let j(v) = -8*v**2 - v - 1. Let p(y) = 10*i(y) - 2*j(y). What is the tens digit of p(-4)?
9
Suppose -18*j + 5489 = -7*j. What is the hundreds digit of j?
4
Let u be (2/(-5))/((-7)/(-70)). Let y = u - -2. What is the units digit of (49/(-28))/(y/8)?
7
Suppose 2*t - 3*t = -375. Let p = -257 + t. What is the tens digit of p?
1
Let q be (-8)/6*(0 + 2 + 1). What is the units digit of q/((-13)/(-189) + 2/(-14))?
4
Let k = 56 - -67. What is the hundreds digit of k?
1
Let o = -745 - -1134. What is the units digit of o?
9
Let x = 35 - 31. Suppose -x*w = -337 + 1. Suppose -w = -6*p + 186. What is the units digit of p?
5
Let h(q) = q**2 + 8*q + 8. Suppose -9 = -w - 10. Let k be 0 - (3/w - -11). What is the units digit of h(k)?
8
Let n be ((-2)/5)/((-8)/5560). Suppose -7*i + n = -198. What is the tens digit of i?
6
Let t be (-1 - (-22)/10)*-5. Let b be t/(-18)*30/(-2). Let m = b + 15. What is the units digit of m?
0
Let a = -11 + 14. Suppose 0 = -4*r - 4*h + 120, -3*r + 36 = -r - 4*h. What is the tens digit of r*a*1/6?
1
Let o(u) be the first derivative of 4*u**3/3 - 5*u**2/2 + 24*u + 11. What is the units digit of o(-7)?
5
Let z(u) = u + 59. Suppose 0 = 5*j + 163 - 43. What is the units digit of z(j)?
5
Let p = 1203 + -465. What is the tens digit of p?
3
Let u(y) = y**2 + 5. Let z be u(-8). Suppose 5*l - z - 131 = 0. What is the tens digit of l?
4
Let i be 4*(-3)/(-12)*-11. Let u be (-2)/i + 172/22. Suppose -c = h + c - u, -3*c = 4*h - 17. What is the units digit of h?
2
Suppose 0 = -8*f + f + 182. What is the units digit of 698/f + (-24)/(-156)?
7
Let r be ((-2)/((-10)/(-15)))/3. What is the units digit of 1*r*(-13 + -8)?
1
Suppose -3*t + s + 17 = 0, -4*t + 13 = -5*s - 17. Suppose 2*o - 26 = 14. Suppose -75 + o = -t*z. What is the units digit of z?
1
Let d(n) = -2*n - 2*n + 3 + 7*n**2 + 3 - 2*n. What is the units digit of d(4)?
4
Suppose 11*i + 200 = -185. Let s = i + 165. What is the units digit of s?
0
Let t(s) = 2*s**3 - s**2 - 4*s + 3. Let y be t(2). Let j(w) = w - 1. Let u be j(y). Suppose -3*k + 51 = 3*b - 87, 0 = 2*b + u. What is the units digit of k?
9
Suppose -553 = -9*b + 10535. What is the units digit of b?
2
Let a = 678 - 75. What is the hundreds digit of a?
6
Let x(g) = -g**3 + 7*g - 11. What is the units digit of x(-4)?
5
Suppose 7*k - 477 = -2262. Let x = k - -452. What is the hundreds digit of x?
1
Suppose 3*t - 9 = -2*g + 11, -5*g + 4*t = -50. Let a = 13 + g. What is the units digit of a?
3
What is the units digit of ((-5)/(-15))/(3725/930 - 4)?
2
Suppose -5*x + 459 = 3*h, 3*x + 1